se 2?
110000011100101
110100212 (base 3) to base 16
2336
Convert -3dd2 (base 16) to base 5.
-1001301
-111021211 (base 3) to base 12
-5734
What is -10515 (base 6) in base 11?
-1132
120012 (base 3) to base 8
632
What is -1135 (base 7) in base 5?
-3133
What is -165b8 (base 13) in base 9?
-64557
Convert -b1a (base 16) to base 8.
-5432
4213 (base 7) to base 14
77a
-1d4 (base 15) to base 9
-521
What is 1224302 (base 5) in base 4?
11302112
Convert 1301321 (base 4) to base 10.
7289
Convert -424 (base 9) to base 2.
-101011010
Convert 1224 (base 14) to base 15.
e13
What is 1210 (base 3) in base 4?
300
What is 15006 (base 7) in base 15?
134c
What is -1142 (base 8) in base 7?
-1531
Convert 30313 (base 5) to base 8.
3646
What is -1043 (base 5) in base 10?
-148
-4a5 (base 13) to base 12
-577
Convert 2112110111 (base 3) to base 10.
49909
What is 73 (base 14) in base 10?
101
What is 113304 (base 6) in base 16?
2668
11102 (base 4) to base 9
415
Convert -24947 (base 10) to base 11.
-1781a
Convert 4 (base 10) to base 13.
4
-3b0b (base 12) to base 9
-10262
Convert 1214 (base 6) to base 13.
19c
What is -412a (base 11) in base 9?
-7455
Convert -14134 (base 8) to base 10.
-6236
Convert 735 (base 8) to base 16.
1dd
What is -151 (base 9) in base 11?
-106
What is 1123 (base 8) in base 3?
211001
What is -20121000 (base 3) in base 11?
-367a
Convert 6633 (base 11) to base 2.
10001000101100
-21774 (base 9) to base 6
-151021
Convert -16b (base 14) to base 9.
-353
Convert 140152 (base 6) to base 10.
13028
Convert -100100011 (base 2) to base 15.
-146
48603 (base 9) to base 11
22515
-40330 (base 6) to base 12
-30a6
-21023 (base 4) to base 16
-24b
What is -2c54 (base 15) in base 5?
-301104
What is -1001111101 (base 2) in base 4?
-21331
What is -7320 (base 8) in base 9?
-5173
Convert -12951 (base 11) to base 10.
-18448
1435 (base 6) to base 4
11333
Convert -24534 (base 10) to base 6.
-305330
What is -13046 (base 7) in base 13?
-1766
-10045 (base 6) to base 5
-20300
Convert 1737 (base 8) to base 13.
5b3
-299 (base 13) to base 5
-3324
What is -26976 (base 10) in base 2?
-110100101100000
What is -155012 (base 7) in base 11?
-20a40
Convert -575 (base 8) to base 2.
-101111101
Convert 24413 (base 5) to base 6.
12334
Convert 763 (base 16) to base 15.
861
-20012 (base 6) to base 2
-101000101000
What is 592d (base 14) in base 5?
444100
What is 136b (base 13) in base 8?
5351
What is 1022 (base 5) in base 11?
115
-75cc (base 13) to base 3
-211111010
-1562 (base 10) to base 15
-6e2
Convert -2462 (base 7) to base 11.
-772
-214 (base 5) to base 3
-2012
Convert 1134 (base 8) to base 4.
21130
-111000100000011 (base 2) to base 11
-1a811
132300 (base 6) to base 7
50403
4a2 (base 13) to base 6
3424
121120010 (base 3) to base 6
131520
What is -1a53 (base 12) in base 11?
-2478
Convert 2608 (base 12) to base 6.
32012
What is -10126 (base 8) in base 2?
-1000001010110
Convert -1131001 (base 5) to base 7.
-114333
Convert -263 (base 15) to base 9.
-663
13c8 (base 14) to base 5
103013
What is 89 (base 12) in base 3?
10220
Convert 17217 (base 9) to base 12.
6a2a
What is -4fa (base 16) in base 14?
-670
-17632 (base 8) to base 2
-1111110011010
What is -22121 (base 4) in base 2?
-1010011001
Convert 30220 (base 4) to base 5.
11213
-131 (base 4) to base 3
-1002
Convert 132311 (base 4) to base 3.
2201002
What is 4a59 (base 11) in base 6?
50314
20251 (base 8) to base 7
33243
111101100110100 (base 2) to base 12
16304
101000111 (base 2) to base 4
11013
What is 31 (base 8) in base 10?
25
What is -1122202 (base 3) in base 2?
-10010111000
Convert -336 (base 10) to base 11.
-286
Convert 2eb0 (base 16) to base 2.
10111010110000
What is 111000010010001 (base 2) in base 11?
1a718
Convert 195c (base 13) to base 14.
1551
Convert -223305 (base 6) to base 15.
-5905
What is 133 (base 13) in base 10?
211
-845 (base 13) to base 11
-1071
-1db (base 16) to base 7
-1246
232 (base 9) to base 16
bf
Convert -5154 (base 7) to base 16.
-70b
Convert 5869 (base 12) to base 5.
303443
-69a (base 15) to base 12
-a47
-2a4b (base 15) to base 2
-10001101101111
What is 22540 (base 6) in base 13?
1614
Convert 722 (base 8) to base 6.
2054
55660 (base 10) to base 16
d96c
What is 314 (base 12) in base 14?
240
628 (base 13) to base 5
13143
Convert 172 (base 16) to base 8.
562
Convert -1032 (base 8) to base 4.
-20122
Convert 322320 (base 4) to base 12.
2220
1c26 (base 16) to base 9
10786
What is -117 (base 14) in base 8?
-331
Convert 40000 (base 5) to base 12.
1544
What is -528 (base 13) in base 9?
-1176
-1348 (base 11) to base 5
-23441
Convert -11103313 (base 4) to base 15.
-66a1
What is -134200 (base 6) in base 16?
-3138
Convert -1000211 (base 3) to base 12.
-527
Convert -1846 (base 16) to base 5.
-144324
331 (base 13) to base 11
458
Convert -3144 (base 5) to base 12.
-2b4
4a5 (base 14) to base 6
4145
Convert -6d11 (base 15) to base 4.
-11222113
Convert 23144 (base 6) to base 7.
12430
11111 (base 2) to base 11
29
What is 18860 (base 10) in base 11?
13196
Convert 100210112 (base 3) to base 8.
15746
24801 (base 9) to base 12
97a7
a3a4 (base 11) to base 3
200220122
What is -401 (base 7) in base 11?
-16a
What is 47e (base 16) in base 4?
101332
Convert 1712 (base 11) to base 7.
6250
Convert -1001201 (base 3) to base 12.
-547
What is -100011100 (base 2) in base 10?
-284
Convert 100111010 (base 2) to base 7.
626
What is 212c (base 16) in base 6?
103152
What is 332 (base 7) in base 3?
20022
Convert 8bc (base 16) to base 2.
100010111100
What is 3550 (base 9) in base 11?
1a88
What is -121102202 (base 3) in base 11?
-9002
What is -11210 (base 3) in base 15?
-89
Convert -1ae (base 16) to base 11.
-361
-87 (base 12) to base 6
-251
What is -11000101 (base 2) in base 13?
-122
1403 (base 5) to base 12
170
11516 (base 7) to base 4
232322
Convert -1010010111111010 (base 2) to base 4.
-22113322
Convert 188 (base 13) to base 7.
551
-100011010011010 (base 2) to base 3
-220210102
What is 202202211 (base 3) in base 10?
15142
Convert 56451 (base 8) to base 15.
70ee
1795 (base 13) to base 8
6656
11010110 (base 2) to base 16
d6
Convert -3454 (base 6) to base 3.
-1010121
-241 (base 16) to base 6
-2401
Convert 293 (base 12) to base 14.
207
What is 19f6 (base 16) in base 2?
1100111110110
16432 (base 9) to base 11
8532
-57 (base 8) to base 9
-52
Convert -2111 (base 7) to base 2.
-1011100111
-268 (base 13) to base 8
-650
What is -5303 (base 7) in base 3?
-2120002
-200210 (base 3) to base 4
-13323
What is 132 (base 12) in base 13?
110
-d53 (base 15) to base 14
-1147
Convert -5ac0 (base 14) to base 8.
-36750
11133 (base 4) to base 10
351
3745 (base 13) to base 6
100131
Convert 12d1 (base 14) to base 12.
1b07
What is 4163 (base 7) in base 12?
a22
6a85 (base 12) to base 2
10111010000101
What is 615 (base 13) in base 9?
1366
Convert -5b6 (base 16) to base 11.
-110a
-5844 (base 9) to base 3
-12221111
-103220 (base 4) to base 7
-3443
Convert -176 (base 16) to base 7.
-1043
What is -1310 (base 7) in base 12?
-355
Convert -33022 (base 4) to base 13.
-598
What is -21650 (base 10) in base 15?
-6635
What is 4236 (base 10) in base 9?
5726
1245 (base 8) to base 14
365
4708 (base 15) to base 14
56d5
Convert -ad89 (base 14) to base 3.
-1112022011
What is -5201 (base 10) in base 9?
-7118
Convert 202123 (base 4) to base 5.
32303
Convert 3521 (base 9) to base 5.
40421
What is a1 (base 14) in base 8?
215
Convert -484 (base 12) to base 15.
-301
Convert -1212 (base 3) to base 4.
-302
-1930 (base 13) to base 11
-2906
Convert 110130 (base 4) to base 6.
10020
Convert 13477 (base 8) to base 16.
173f
What is 2002002211 (base 3) in base 5?
2302100
Convert 300 (base 11) to base 14.
1bd
What is -661 (base 10) in base 15?
-2e1
Convert -5178 (base 9) to base 4.
-323111
Convert 32231 (base 4) to base 8.
1655
What is -270 (base 16) in base 9?
-763
What is 400 (base 9) in base 4?
11010
Convert -140114 (base 5) to base 4.
-1120123
1156 (base 7) to base 2
110110001
-1100101010111100 (base 2) to base 4
-30222330
434100 (base 5) to base 14
5604
-7547 (base 10) to base 12
-444b
1766 (base 8) to base 6
4410
What is -d203 (base 15) in base 6?
-541120
-56 (base 12) to base 15
-46
-816 (base 15) to base 12
-1079
Convert -2301 (base 6) to base 10.
-541
What is 110010101011 (base 2) in base 9?
4403
What is 1000011000101